f 80 and 476990.
10
Calculate the greatest common factor of 19965 and 165.
165
Calculate the greatest common factor of 498 and 1055843.
83
What is the highest common factor of 18 and 3086?
2
What is the greatest common factor of 727161 and 111?
111
Calculate the greatest common divisor of 40690 and 1625.
65
Calculate the highest common divisor of 979994 and 314.
314
What is the greatest common divisor of 153 and 15039?
9
Calculate the highest common factor of 7259 and 1071.
119
What is the highest common divisor of 12 and 96408?
12
Calculate the highest common divisor of 10 and 202905.
5
Calculate the greatest common factor of 69300 and 800.
100
Calculate the greatest common factor of 254 and 897382.
254
Calculate the highest common factor of 242 and 400147.
121
Calculate the greatest common factor of 50977 and 19.
19
Calculate the highest common factor of 42 and 14392.
14
What is the highest common factor of 4419 and 18333?
9
Calculate the highest common divisor of 2716 and 174988.
388
Calculate the highest common divisor of 3538 and 1647.
61
What is the highest common factor of 39192 and 3144?
24
What is the greatest common factor of 298 and 565902?
298
Calculate the highest common factor of 368 and 1205384.
184
What is the greatest common factor of 6075003 and 627?
627
Calculate the highest common divisor of 1344 and 106596.
84
Calculate the greatest common factor of 3136 and 19012.
196
Calculate the greatest common divisor of 537 and 467727.
537
What is the greatest common factor of 668309 and 191?
191
Calculate the highest common factor of 430 and 20970.
10
Calculate the greatest common divisor of 40734 and 279.
279
What is the highest common factor of 17528 and 35?
7
What is the highest common divisor of 555 and 3795?
15
What is the greatest common factor of 228217 and 11?
11
Calculate the highest common factor of 228288 and 48.
48
What is the highest common factor of 244095 and 45?
15
What is the greatest common factor of 137056 and 76?
4
Calculate the highest common factor of 105 and 1512.
21
What is the highest common factor of 15372 and 6732?
36
What is the highest common divisor of 2508 and 115995?
627
What is the greatest common factor of 36 and 3324?
12
What is the greatest common divisor of 864 and 29214?
54
Calculate the greatest common divisor of 12088 and 24.
8
Calculate the highest common divisor of 960 and 31520.
160
Calculate the greatest common factor of 396088 and 88.
88
What is the highest common factor of 9 and 319689?
9
What is the highest common divisor of 5546745 and 4540?
1135
What is the highest common factor of 1210 and 50215?
605
Calculate the highest common divisor of 22965 and 540.
15
What is the greatest common factor of 1581 and 2278?
17
What is the greatest common divisor of 172530 and 30?
30
Calculate the highest common divisor of 320 and 10760.
40
What is the highest common divisor of 3435 and 8702000?
1145
Calculate the highest common divisor of 4715 and 22540.
115
Calculate the greatest common factor of 477412 and 52.
52
What is the greatest common factor of 687 and 213428?
229
Calculate the greatest common divisor of 472 and 8216.
8
Calculate the greatest common factor of 77 and 612073.
77
Calculate the highest common factor of 85 and 241655.
85
Calculate the greatest common divisor of 67473 and 40817.
833
What is the highest common factor of 5400 and 24624?
216
What is the greatest common factor of 51657 and 268?
67
Calculate the highest common divisor of 78 and 77676.
6
What is the highest common factor of 113 and 224192?
113
What is the highest common divisor of 1011 and 3929757?
1011
What is the highest common divisor of 398126 and 133?
19
Calculate the highest common factor of 235 and 1985.
5
Calculate the highest common factor of 94 and 32806.
94
Calculate the highest common factor of 61686 and 72.
18
Calculate the highest common factor of 7051977 and 9.
9
Calculate the highest common factor of 225 and 727575.
75
What is the highest common divisor of 69 and 29417?
23
What is the highest common factor of 1947479 and 23?
23
What is the highest common factor of 253 and 34109?
23
Calculate the highest common factor of 20374 and 1002.
334
What is the greatest common divisor of 313914 and 94452?
2778
Calculate the greatest common divisor of 3013432 and 16.
8
What is the greatest common divisor of 833 and 27013?
119
Calculate the greatest common factor of 30000 and 1950.
150
What is the highest common factor of 19680 and 544890?
1230
Calculate the highest common factor of 2414 and 14654.
34
Calculate the highest common divisor of 96 and 34224.
48
What is the highest common divisor of 294 and 60102?
42
Calculate the highest common factor of 1140 and 28.
4
What is the greatest common factor of 2023 and 31654?
119
What is the highest common divisor of 159817 and 833?
119
What is the greatest common factor of 1678 and 1114?
2
What is the highest common divisor of 82850 and 950?
50
What is the highest common divisor of 80 and 1136240?
80
What is the greatest common divisor of 2486 and 2825?
113
Calculate the greatest common factor of 298 and 79715.
149
What is the highest common divisor of 1625 and 5500?
125
What is the highest common factor of 25666 and 82?
82
Calculate the highest common divisor of 3565332 and 194.
194
What is the highest common factor of 170 and 666485?
85
Calculate the highest common factor of 3367442 and 234.
26
Calculate the highest common divisor of 110 and 52261.
11
Calculate the highest common factor of 1801711 and 34.
17
What is the highest common divisor of 399852 and 90?
18
Calculate the highest common divisor of 4522 and 357.
119
What is the highest common factor of 447882 and 102?
102
Calculate the highest common factor of 6455 and 1492396.
1291
What is the highest common divisor of 4936 and 143761?
617
Calculate the highest common divisor of 4 and 6934128.
4
Calculate the highest common factor of 20824 and 1918.
274
What is the greatest common factor of 8280 and 160?
40
What is the greatest common factor of 2539336 and 678?
226
Calculate the highest common divisor of 324 and 1848.
12
What is the greatest common factor of 296 and 127835?
37
Calculate the greatest common divisor of 12 and 3812.
4
What is the highest common divisor of 95 and 265715?
95
Calculate the highest common factor of 64 and 592.
16
What is the highest common divisor of 204237 and 99?
99
Calculate the greatest common divisor of 16 and 124112.
16
What is the greatest common factor of 28 and 9450?
14
Calculate the highest common factor of 12105 and 72.
9
Calculate the highest common divisor of 1166 and 5654.
22
Calculate the highest common factor of 1200 and 201750.
150
What is the greatest common factor of 2016 and 3584?
224
Calculate the greatest common divisor of 31913 and 1645.
329
What is the greatest common divisor of 886912 and 896?
128
Calculate the highest common divisor of 98555 and 10.
5
What is the greatest common factor of 262 and 64?
2
What is the highest common factor of 658252 and 56?
28
Calculate the greatest common factor of 1800 and 10650.
150
What is the greatest common factor of 3395699 and 57?
19
What is the highest common factor of 371238 and 63?
21
What is the greatest common divisor of 188484 and 9153?
339
Calculate the highest common factor of 113898 and 2706.
246
Calculate the highest common divisor of 143256 and 5334.
762
What is the highest common factor of 600 and 95000?
200
What is the greatest common divisor of 104989 and 1273?
67
Calculate the highest common divisor of 32 and 540336.
16
Calculate the greatest common divisor of 74898 and 8379.
171
What is the greatest common factor of 94760 and 340?
20
What is the highest common factor of 70412 and 232?
116
Calculate the greatest common divisor of 448 and 1141.
7
What is the highest common divisor of 31986 and 2556?
18
What is the greatest common factor of 89278 and 42?
14
Calculate the highest common factor of 329 and 1575.
7
What is the greatest common divisor of 262 and 24976?
2
What is the highest common factor of 110 and 35794?
22
Calculate the highest common divisor of 14841 and 612.
153
What is the highest common divisor of 1178 and 29326?
62
Calculate the highest common factor of 486 and 594378.
486
Calculate the hi